4)/(-4) - (-4)/8. Suppose 0 = 6*r - 8 - 4. Let n(u) = -9*u**r + 3*u**3 - 6484*u + 6484*u - 2*u**3. Give n(p).
0
Suppose -2 = -5*o + 13. Suppose -4*y = -o*y + 2. Let j(s) be the second derivative of -3*s**5/20 - s**4/4 - 2*s**3/3 - 3*s**2/2 + 1826*s. Give j(y).
17
Let f(q) be the first derivative of -q**6/360 + q**5/60 + q**4/6 + 68*q**3 - 89. Let l(p) be the third derivative of f(p). Give l(3).
1
Let l(k) be the second derivative of 0 - 3/2*k**2 - 1/20*k**5 + 0*k**4 + 1/3*k**3 - 76*k. Calculate l(2).
-7
Let u(o) be the first derivative of o**4/4 + 5*o**3/3 + 3*o**2/2 - 4*o - 28795. Suppose -3*p = -7*p - 12. Give u(p).
5
Let k(v) be the second derivative of v**3/6 - v**2 + 7*v. Let i(l) = 2*l - 22. Let c be (-32)/(-56) + (-94)/(-7). Let o be i(c). Calculate k(o).
4
Suppose -2*i + 4 = o - 3, 0 = -4*i + 3*o + 29. Suppose -14 = -3*m + g, -i*g = m - 12 + 2. Let l(c) = c. Determine l(m).
5
Let h(c) = -4*c - 2. Let y(u) = -u**2 - 67*u + 69. Let s be y(-68). What is h(s)?
-6
Let y = -52 - -54. Suppose -4*d + d + 1 = -4*z, -y*d = z + 14. Let o(m) = 4 + 7 - 15 + m + 11. What is o(d)?
2
Let w(i) be the second derivative of -i**5/20 - 3*i**4/4 - i**3/3 + 13*i**2/2 - 44*i - 35. Give w(-9).
31
Let w(z) be the second derivative of 5*z**4/12 + z**3/3 + 3*z**2/2 - z - 8. Let c(m) = -4*m**2 - 3*m - 1. Let x(g) = -6*c(g) - 5*w(g). Give x(8).
-9
Let k(h) = -h**2 - 6*h - 2. Suppose -3930 = -13*l + 23*l. Let n = -399 - l. Give k(n).
-2
Let t(z) be the first derivative of -z**4/4 - 47*z**3/3 + 129*z**2 - 100*z + 5579. Calculate t(-52).
4
Let l(z) = 18*z - 7. Let u(w) = 48*w - 2353. Let j be u(49). Determine l(j).
-25
Suppose -13*h - 4886 = -20*h. Let b(p) = -352 - 21*p - 349 + h. Calculate b(-2).
39
Let d(t) = -42*t + 50 - 9 + 42 + 69 + 134. Determine d(7).
-8
Let w(v) = -v**3 + 10*v**2 + 12*v - 10. Let b(p) = -2*p - 3*p + 11*p - 75 + 20. Let r be b(11). Give w(r).
1
Let a(n) = -n**3 - 8*n**2 + 26*n + 15. Let x be a(-10). Let z = x - -44. Let p(y) be the second derivative of -y**5/5 + y**3/6 + y. Determine p(z).
3
Let n be 16/72 + 58/(-18) + 5. Suppose 3*f - 9 = -4*s, 2*s - n = -f + 1. Let t(q) be the third derivative of -q**4/24 - q**3/3 + q**2. Determine t(f).
-5
Suppose -p - 4 = -5. Let m(f) = -f**2 + 2*f**3 + p + f + f**3 - 25*f**3. Let q be 2/(((-4)/2)/(2 - 1)). Give m(q).
21
Let n(b) = 68503*b**3 + 6*b**2 + 7*b - 11*b**2 - 68502*b**3 - 5. Calculate n(2).
-3
Suppose -f + 4 = -t, -2*t = f - t - 12. Let s(h) = 2*h**3 - 2*h + 5*h + f*h**2 - 8*h**3 + 7*h**3 + 4. What is s(-8)?
-20
Let x(g) be the first derivative of 137*g**2/2 + 406*g - 94. What is x(-3)?
-5
Let h(x) = -4*x + 3. Let y(t) = 2*t**2 - 6*t + 22. Suppose 0 = -3*r + 12, o + 4*o + 4*r - 41 = 0. Let k be y(o). Let m be 70/k + 1/3. What is h(m)?
-5
Let k = -30 - -16. Let y(z) be the second derivative of -z**4/12 - 7*z**3/3 - 9*z**2/2 + 7809*z. Give y(k).
-9
Let l = 78 - 81. Let y(q) = -37*q**2 - 18*q - 23. Let d(f) = -13*f**2 - 6*f - 8. Let v(b) = 17*d(b) - 6*y(b). Determine v(l).
-7
Let i(r) = 2*r - 14. Let x be 311/(-22) - (-693)/5082. What is i(x)?
-42
Let u(v) = v**2 + 3*v - 4. Let y = -22 + 26. Suppose -i - 5 = y*i. Let s be ((-25)/(-20))/(i/4). What is u(s)?
6
Let c = -2906 - -2931. Let i(o) = 4*o - 91. What is i(c)?
9
Let l(c) be the third derivative of -11*c**4/24 + c**3/2 - 12*c**2 - 5*c. Suppose 27 = -p + 4*p. Let w = p + -7. Calculate l(w).
-19
Suppose -12*c + 7 = x - 10*c, 4*x + 32 = 2*c. Let n(d) be the first derivative of -d**3/3 - 4*d**2 - 3*d - 1. Give n(x).
12
Let w(x) = 1 + 3*x - 4*x - 181215*x**2 + 181212*x**2 - x**3. Determine w(-1).
0
Let n be -1 - -3*((-2)/6 - -3). Let h(c) = -5 + 3*c + 14 - 4 - n. Give h(-3).
-11
Let r(i) be the second derivative of 5/3*i**3 + 0 - 23*i + 1/12*i**4 + 6*i**2. What is r(-9)?
3
Let s(h) = 7*h**2 + 0*h + 170*h**3 - 80*h**3 - 3 - 91*h**3 - 4*h + 42. Calculate s(7).
11
Let g(w) = 24431*w - 48847*w + 24426*w - 41 + w**2. Give g(-14).
15
Let w(u) = -3*u + 2. Let g(q) = -4*q + 3. Suppose -4*k = -y + 13, -5*k - 25 = -2*y - y. Suppose -44*d = -43*d - y. Let b(s) = d*g(s) - 7*w(s). Give b(-7).
-6
Let t(u) = u**2 - 31*u - 4. Let s be 4/(2/(-186)*-12). Determine t(s).
-4
Let l(o) = -2*o**2 - 5*o - 3. Let z be (-94)/14 + (-40)/140. Let i(q) = 3 - 5*q - 1 + 0*q - q**2 - q. Let x be i(z). Determine l(x).
-28
Let l(a) = -8*a**2 + 2*a - 4. Let d(w) = -23*w**2 + 6*w - 11. Let y(q) = -6*d(q) + 17*l(q). Let t = 376 - 257. Let z be ((-68)/t)/(4/(-14)). What is y(z)?
2
Let k(r) = -r**2 - 14*r - 24. Let v(u) = -8*u**2 - 95*u - 166. Let w(n) = -15*k(n) + 2*v(n). Give w(22).
-16
Let b(h) be the third derivative of h**6/120 - h**5/30 - h**4/12 + h**3/3 - 115*h**2. Let w be 6/4 - 35/10. What is b(w)?
-10
Suppose 5*j - 12 = 2*y, 19*j - 3*y = 20*j - 16. Let w(n) = 6*n**2 - 6*n + 6. Determine w(j).
78
Let d(f) = -f**3 + 8*f**2 + 5*f + 16. Let a = 18426 + -18417. Give d(a).
-20
Let v(a) = -a + 1. Let m be 4*4/48*-9*5. Let w be m/20*(-8)/3. Let i be v(w). Let o(g) = -8*g**2 - 2*g - 1. Calculate o(i).
-7
Let i = -308 - -295. Let s be i - 40/(-15)*3. Let h(j) = -j**3 - 5*j**2 + 7*j - 1. Calculate h(s).
-36
Let s(v) = 1 - v**2 - v**2 + 0*v**2 + 49*v**3. Let q(i) = 5457*i + 54569. Let g be q(-10). Give s(g).
-50
Let w be 1 + 2/(-3)*9. Let k = -367 + 369. Let m(h) = -69*h - h**k + 136*h + 3 - 70*h. Determine m(w).
-7
Let t(p) = -p**3 - 19*p**2 - 84*p + 4. Suppose -68*x - 181 = 208 + 87. What is t(x)?
4
Let z(x) = -3*x. Let w(s) = s**2 - 11*s - 11. Let b be w(12). Let r be 138/((-15)/5) + b. Let q = -48 - r. What is z(q)?
9
Let u = 533 + -498. Let a(z) = -62*z + z**2 + 32*z + 6 + u*z. Calculate a(-5).
6
Let b(o) be the second derivative of o**5/20 + 5*o**4/6 + 3*o**3 - 8*o**2 + 22*o - 19. Give b(-7).
5
Let k(g) be the first derivative of 11*g**2 + 6*g + 3533. Determine k(1).
28
Suppose 0 = -20*h - 55 + 215. Let n(x) = 0*x + 1 - x**2 + 4*x - 7*x + 10*x. Calculate n(h).
-7
Let v(j) = -j**3 - 11*j**2 + j - 3. Let f = -5794 - -5783. What is v(f)?
-14
Suppose -2*w + m - 88 = -4*w, -3*w = -3*m - 141. Let c = -41 + w. Let z(o) = o**2 - 4*o - 5. Give z(c).
-5
Let c be (16 + -14)*(-3)/(-2). Suppose -6 = h - c*h. Suppose -53 = -3*q - 4*t, 1 = q + t - h*t. Let u(w) = w**3 - 10*w**2 - 12*w + 15. Give u(q).
4
Suppose 2*l + 0*l = -4. Let d(i) be the third derivative of i**5/15 + i**4/8 - 5608*i**2 + 2. What is d(l)?
10
Let t(n) = -n**3 - 14*n**2 - 2. Let d be (-15)/(-2)*60/(-50). Let c be (-1 + 175/(-21))*d/(-6). Calculate t(c).
-2
Let d(c) = -12*c - 3*c - 13*c + 46*c - 9*c. Let t(o) = -o**2 - 40*o - 112. Let m be t(-37). What is d(m)?
-9
Let v(b) = -b + 17. Let y(t) = 7 - 276*t + 272*t + 35. Let a be y(7). Determine v(a).
3
Let k = -4 - 181. Let r = k - -187. Let s(y) = y**2 - 6*y + 1. Let j(c) = -2*c**2 + 7*c - 1. Let f(q) = -4*j(q) - 5*s(q). Give f(r).
15
Let h(o) = -20*o - 1. Let k(s) = -3*s**3 - 55*s**2 - 66*s + 31. Let y be k(-17). Determine h(y).
59
Let x(c) = -c**3 - 3*c**2 + 4*c - 11. Let s(p) = -429*p - 1292. Let w be s(-3). What is x(w)?
19
Let l(s) = 9*s + 1. Suppose 30 = -3*u + 42. Suppose -4*o - 29 = -5*g, -4*o - 3*g - u = -15. Determine l(o).
-8
Let w(p) = 20*p + 133. Let q = -6123 + 6116. Determine w(q).
-7
Let w(x) = -22 + 13 + 26 - 4*x + 6*x. What is w(-8)?
1
Suppose 0 = 2*d + 3*v - 7, 6*v - 5*v = 5*d - 9. Let p(o) = 0 - 3 - o**d - 2 + o + o**3 + 9. Calculate p(0).
4
Suppose 11*t + 352 = 43*t. Let j(a) = -11 - t - a - 10 + 24 + 4*a. Give j(-5).
-23
Let u(j) = -137*j - 685. Suppose -15 = 3*p, 0 = 6*t - 4*t + 5*p + 35. Give u(t).
0
Let d(v) = -v**3 - 10*v**2 - 8*v - 2. Suppose 3*z + 6 = s + z, -4*z - 12 = -4*s. Suppose s = -4*t + t - 27. What is d(t)?
-11
Let k(g) = g**2 + 27*g + 102. Let j be (-3 + (-171 - 1)/4)/(7 - 5). Give k(j).
10
Let f = -46 - -26. Let h be 7/(42/f)*(-20 + -1). Let s(p) = -14 + h*p - 33*p + p**2 - 28*p. Determine s(-10).
-4
Suppose 0 = 5*c - 3*y, -c - 2*y = 4*c. Let k(o) = 3*o**2 - 18*o**2 + 2 + 3*o**2 - o + 11*o**2. What is k(c)?
2
Let w = -6686 - -6693. Let d(g) = 47*g - 328. Give d(w).
1
Let m(d) = -3*d**3 + 67*d**2 - 63*d**2 + 3 + 6*d**3 - 18*d. Let x(r) = -7*r**3 - 7*r**2 + 37*r - 6. Let j(y) = -5*m(y) - 2*x(y). Determine j(-8).
-3
Let k be (1 - 0 - 0)/1. Let w(o) = o**3 - o**2 + 1. Let n(l) = 3*l**3 - 7*l**2 + 5*l + 2. Suppose 2*p - 19 = p - 21. Let t(r) =